 64?
42
What is the remainder when 1474 is divided by 70?
4
Calculate the remainder when 8037 is divided by 40.
37
What is the remainder when 1111 is divided by 7?
5
What is the remainder when 3072 is divided by 279?
3
What is the remainder when 1143 is divided by 50?
43
Calculate the remainder when 119 is divided by 84.
35
Calculate the remainder when 263 is divided by 38.
35
What is the remainder when 190 is divided by 15?
10
Calculate the remainder when 263 is divided by 208.
55
What is the remainder when 270 is divided by 88?
6
What is the remainder when 376 is divided by 158?
60
Calculate the remainder when 9 is divided by 9.
0
Calculate the remainder when 552 is divided by 266.
20
What is the remainder when 116 is divided by 49?
18
What is the remainder when 659 is divided by 66?
65
Calculate the remainder when 7127 is divided by 18.
17
Calculate the remainder when 20 is divided by 12.
8
Calculate the remainder when 292 is divided by 47.
10
What is the remainder when 552 is divided by 115?
92
Calculate the remainder when 1083 is divided by 33.
27
Calculate the remainder when 161 is divided by 60.
41
Calculate the remainder when 477 is divided by 7.
1
Calculate the remainder when 299 is divided by 24.
11
Calculate the remainder when 159 is divided by 50.
9
What is the remainder when 1210 is divided by 59?
30
What is the remainder when 6781 is divided by 115?
111
Calculate the remainder when 69 is divided by 24.
21
What is the remainder when 364 is divided by 61?
59
What is the remainder when 249 is divided by 50?
49
Calculate the remainder when 672 is divided by 130.
22
Calculate the remainder when 8567 is divided by 21.
20
What is the remainder when 3077 is divided by 1535?
7
Calculate the remainder when 94 is divided by 17.
9
Calculate the remainder when 869 is divided by 320.
229
Calculate the remainder when 180 is divided by 75.
30
Calculate the remainder when 81 is divided by 4.
1
What is the remainder when 326 is divided by 11?
7
Calculate the remainder when 7271 is divided by 40.
31
What is the remainder when 180 is divided by 20?
0
Calculate the remainder when 4891 is divided by 111.
7
Calculate the remainder when 1852 is divided by 53.
50
Calculate the remainder when 274 is divided by 11.
10
What is the remainder when 443 is divided by 147?
2
Calculate the remainder when 174 is divided by 98.
76
Calculate the remainder when 637 is divided by 64.
61
What is the remainder when 940 is divided by 35?
30
What is the remainder when 17746 is divided by 6?
4
What is the remainder when 56 is divided by 10?
6
What is the remainder when 3728 is divided by 163?
142
Calculate the remainder when 244 is divided by 19.
16
Calculate the remainder when 1012 is divided by 74.
50
What is the remainder when 41 is divided by 32?
9
Calculate the remainder when 20 is divided by 3.
2
Calculate the remainder when 990 is divided by 7.
3
What is the remainder when 151 is divided by 45?
16
What is the remainder when 87 is divided by 32?
23
Calculate the remainder when 3363 is divided by 259.
255
What is the remainder when 2783 is divided by 164?
159
Calculate the remainder when 2017 is divided by 290.
277
What is the remainder when 39 is divided by 30?
9
Calculate the remainder when 4023 is divided by 61.
58
Calculate the remainder when 246 is divided by 24.
6
What is the remainder when 172 is divided by 45?
37
What is the remainder when 64 is divided by 19?
7
What is the remainder when 249 is divided by 32?
25
What is the remainder when 1139 is divided by 31?
23
What is the remainder when 174 is divided by 18?
12
What is the remainder when 10 is divided by 4?
2
Calculate the remainder when 57463 is divided by 11.
10
What is the remainder when 15362 is divided by 394?
390
What is the remainder when 7957 is divided by 7?
5
Calculate the remainder when 163 is divided by 77.
9
What is the remainder when 47 is divided by 24?
23
What is the remainder when 47 is divided by 7?
5
What is the remainder when 316 is divided by 53?
51
Calculate the remainder when 242 is divided by 89.
64
Calculate the remainder when 298 is divided by 25.
23
What is the remainder when 131 is divided by 100?
31
What is the remainder when 919 is divided by 10?
9
What is the remainder when 73 is divided by 3?
1
Calculate the remainder when 132 is divided by 3.
0
What is the remainder when 2833 is divided by 57?
40
What is the remainder when 380 is divided by 35?
30
What is the remainder when 939 is divided by 235?
234
Calculate the remainder when 4072 is divided by 14.
12
What is the remainder when 355 is divided by 21?
19
What is the remainder when 71 is divided by 30?
11
What is the remainder when 397 is divided by 97?
9
What is the remainder when 209 is divided by 56?
41
Calculate the remainder when 59 is divided by 17.
8
What is the remainder when 81 is divided by 13?
3
What is the remainder when 2174 is divided by 64?
62
Calculate the remainder when 11879 is divided by 54.
53
Calculate the remainder when 1192 is divided by 102.
70
What is the remainder when 173 is divided by 37?
25
Calculate the remainder when 9311 is divided by 1860.
11
What is the remainder when 6652 is divided by 35?
2
Calculate the remainder when 805 is divided by 26.
25
Calculate the remainder when 283 is divided by 106.
71
Calculate the remainder when 41 is divided by 15.
11
What is the remainder when 114 is divided by 41?
32
Calculate the remainder when 180 is divided by 44.
4
What is the remainder when 8 is divided by 5?
3
Calculate the remainder when 7899 is divided by 50.
49
What is the remainder when 440 is divided by 9?
8
What is the remainder when 19094 is divided by 31?
29
Calculate the remainder when 356 is divided by 40.
36
What is the remainder when 208 is divided by 30?
28
Calculate the remainder when 109 is divided by 109.
0
What is the remainder when 3934 is divided by 179?
175
What is the remainder when 42 is divided by 5?
2
What is the remainder when 4835 is divided by 323?
313
What is the remainder when 369 is divided by 95?
84
Calculate the remainder when 131 is divided by 69.
62
Calculate the remainder when 5009 is divided by 14.
11
What is the remainder when 1278 is divided by 64?
62
Calculate the remainder when 127 is divided by 95.
32
Calculate the remainder when 291 is divided by 75.
66
Calculate the remainder when 1443 is divided by 480.
3
What is the remainder when 266 is divided by 18?
14
Calculate the remainder when 54 is divided by 29.
25
Calculate the remainder when 2103 is divided by 19.
13
What is the remainder when 199 is divided by 102?
97
Calculate the remainder when 421 is divided by 107.
100
Calculate the remainder when 2318 is divided by 45.
23
Calculate the remainder when 1674 is divided by 112.
106
What is the remainder when 995 is divided by 9?
5
What is the remainder when 9454 is divided by 7?
4
Calculate the remainder when 108 is divided by 37.
34
Calculate the remainder when 597 is divided by 60.
57
Calculate the remainder when 280 is divided by 98.
84
What is the remainder when 584 is divided by 39?
38
What is the remainder when 1278 is divided by 185?
168
What is the remainder when 645 is divided by 132?
117
Calculate the remainder when 564 is divided by 113.
112
What is the remainder when 244 is divided by 14?
6
What is the remainder when 288 is divided by 41?
1
Calculate the remainder when 663 is divided by 23.
19
Calculate the remainder when 124 is divided by 35.
19
What is the remainder when 527 is divided by 66?
65
Calculate the remainder when 1120 is divided by 125.
120
Calculate the remainder when 236 is divided by 12.
8
Calculate the remainder when 1631 is divided by 68.
67
What is the remainder when 564 is divided by 165?
69
What is the remainder when 628 is divided by 167?
127
Calculate the remainder when 358 is divided by 96.
70
Calculate the remainder when 744 is divided by 274.
196
What is the remainder when 7211 is divided by 18?
11
What is the remainder when 27 is divided by 2?
1
What is the remainder when 101 is divided by 34?
33
Calculate the remainder when 1198 is divided by 419.
360
Calculate the remainder when 11232 is divided by 107.
104
What is the remainder when 5139 is divided by 641?
11
What is the remainder when 129 is divided by 27?
21
C